{"id":2,"date":"2020-03-31T18:19:15","date_gmt":"2020-03-31T16:19:15","guid":{"rendered":"http:\/\/cdi.unafam38.info\/?page_id=2"},"modified":"2020-04-12T10:18:07","modified_gmt":"2020-04-12T08:18:07","slug":"page-d-exemple","status":"publish","type":"page","link":"https:\/\/cdi.unafam38.info\/","title":{"rendered":"COVID-19"},"content":{"rendered":"\n<h4 class=\"has-text-align-center wp-block-heading\">Fermeture des locaux \u00e0 Grenoble, t\u00e9l\u00e9travail  et services num\u00e9riques<\/h4>\n\n\n\n<div class=\"wp-block-media-text alignwide is-stacked-on-mobile is-vertically-aligned-center is-image-fill\" style=\"grid-template-columns:34% auto\"><figure class=\"wp-block-media-text__media\" style=\"background-image:url(https:\/\/cdi.unafam38.info\/wp-content\/uploads\/2020\/03\/corona_fermeture.png);background-position:50% 50%\"><img decoding=\"async\" loading=\"lazy\" width=\"640\" height=\"427\" src=\"https:\/\/cdi.unafam38.info\/wp-content\/uploads\/2020\/03\/corona_fermeture.png\" alt=\"\" class=\"wp-image-10\" srcset=\"https:\/\/cdi.unafam38.info\/wp-content\/uploads\/2020\/03\/corona_fermeture.png 640w, https:\/\/cdi.unafam38.info\/wp-content\/uploads\/2020\/03\/corona_fermeture-300x200.png 300w\" sizes=\"(max-width: 640px) 100vw, 640px\" \/><\/figure><div class=\"wp-block-media-text__content\">\n<p class=\"has-drop-cap has-text-align-justify has-large-font-size\"><strong>Avant l\u2019\u00e9pid\u00e9mie de COVID-19, les adh\u00e9rents de l&rsquo;Unafam 38 pouvaient consulter des documents aux heures d&rsquo;ouverture du bureau de  la d\u00e9l\u00e9gation \u00e0 la Maison des Associations de  Grenoble<\/strong> <strong>ainsi que emprunter de livres et documents. <\/strong><\/p>\n\n\n\n<p class=\"has-text-align-justify has-large-font-size\"><strong>Ne pouvant plus accueillir du public apr\u00e8s la fermeture le 16 mars 2020 de la Maison des Associations de Grenoble, le CDI est ferm\u00e9 au public pour une dur\u00e9e ind\u00e9termin\u00e9e (pas de pr\u00eat).<\/strong><\/p>\n<\/div><\/div>\n\n\n\n<div class=\"wp-block-media-text alignwide has-media-on-the-right is-stacked-on-mobile is-vertically-aligned-center\" style=\"grid-template-columns:auto 22%\"><figure class=\"wp-block-media-text__media\"><img decoding=\"async\" loading=\"lazy\" width=\"428\" height=\"289\" src=\"https:\/\/cdi.unafam38.info\/wp-content\/uploads\/2020\/03\/t\u00e9l\u00e9travail.png\" alt=\"\" class=\"wp-image-11\" srcset=\"https:\/\/cdi.unafam38.info\/wp-content\/uploads\/2020\/03\/t\u00e9l\u00e9travail.png 428w, https:\/\/cdi.unafam38.info\/wp-content\/uploads\/2020\/03\/t\u00e9l\u00e9travail-300x203.png 300w\" sizes=\"(max-width: 428px) 100vw, 428px\" \/><\/figure><div class=\"wp-block-media-text__content\">\n<p class=\"has-drop-cap has-text-align-justify has-large-font-size\"><strong>Gr\u00e2ce au t\u00e9l\u00e9travail par internet \u00e0 la maison, nous avons pu d\u00e9marrer une activit\u00e9 de veille documentaire sur internet au service de la D\u00e9l\u00e9gation Unafam38, en particulier pour sa communication Covid-19 et pour l\u2019appui aux projets de d\u00e9veloppement dans le cadre du Plan Territorial en Sant\u00e9 Mentale (PTSM) de l\u2019Is\u00e8re.<\/strong><\/p>\n\n\n\n<p class=\"has-drop-cap has-text-align-justify has-large-font-size\"><strong>Voir ensemble<\/strong>, <strong>un<\/strong> <strong>nouveau projet num\u00e9rique<\/strong> <strong>au CDI.<\/strong> <\/p>\n\n\n\n<p class=\"has-text-align-justify has-large-font-size\"><strong>Les adh\u00e9rents Unafam38 \u00e9tant actuellement  en confinement, pour rompre l&rsquo;isolement <strong>nous allons les inviter<\/strong> \u00e0 voir ensemble  des animations<\/strong> <strong>num\u00e9riques<\/strong> <strong>conviviales autour d<\/strong>&lsquo;<strong>un document (livre, vid\u00e9o&#8230;) int\u00e9ressant les familles\/aidants de l&rsquo;Unafam. <strong>Dans le pass\u00e9<\/strong> ces animations ont d\u00e9j\u00e0 eu lieu avec succ\u00e8s <strong>\u00e0 Grenoble<\/strong><\/strong> <strong>en pr\u00e9sentiel,  mais \u00e0 pr\u00e9sent<\/strong> <strong>la participation sera \u00e0 distance et \u00e9largie au d\u00e9partement<\/strong>, <strong>sous r\u00e9serve<\/strong> <strong><strong>d&rsquo;une connexion  internet<\/strong><\/strong> <strong>suffisante.<\/strong><\/p>\n\n\n\n<p class=\"has-text-align-right\"><em>1<strong>2\/4\/2020 G.B.<\/strong><\/em><\/p>\n<\/div><\/div>\n\n\n\n<p><\/p>\n","protected":false},"excerpt":{"rendered":"<p>Fermeture des locaux \u00e0 Grenoble, t\u00e9l\u00e9travail et services num\u00e9riques Avant l\u2019\u00e9pid\u00e9mie de COVID-19, les adh\u00e9rents de l&rsquo;Unafam 38 pouvaient consulter des documents aux heures d&rsquo;ouverture du bureau de la d\u00e9l\u00e9gation \u00e0 la Maison des Associations de Grenoble ainsi que emprunter de livres et documents. Ne pouvant plus accueillir du public apr\u00e8s la fermeture le 16 [&hellip;]<\/p>\n","protected":false},"author":1,"featured_media":0,"parent":0,"menu_order":0,"comment_status":"closed","ping_status":"closed","template":"","meta":[],"jetpack_sharing_enabled":true,"_links":{"self":[{"href":"https:\/\/cdi.unafam38.info\/index.php\/wp-json\/wp\/v2\/pages\/2"}],"collection":[{"href":"https:\/\/cdi.unafam38.info\/index.php\/wp-json\/wp\/v2\/pages"}],"about":[{"href":"https:\/\/cdi.unafam38.info\/index.php\/wp-json\/wp\/v2\/types\/page"}],"author":[{"embeddable":true,"href":"https:\/\/cdi.unafam38.info\/index.php\/wp-json\/wp\/v2\/users\/1"}],"replies":[{"embeddable":true,"href":"https:\/\/cdi.unafam38.info\/index.php\/wp-json\/wp\/v2\/comments?post=2"}],"version-history":[{"count":58,"href":"https:\/\/cdi.unafam38.info\/index.php\/wp-json\/wp\/v2\/pages\/2\/revisions"}],"predecessor-version":[{"id":136,"href":"https:\/\/cdi.unafam38.info\/index.php\/wp-json\/wp\/v2\/pages\/2\/revisions\/136"}],"wp:attachment":[{"href":"https:\/\/cdi.unafam38.info\/index.php\/wp-json\/wp\/v2\/media?parent=2"}],"curies":[{"name":"wp","href":"https:\/\/api.w.org\/{rel}","templated":true}]}}